f 42 and 38400750.
6
Calculate the highest common divisor of 21601257 and 767.
59
Calculate the highest common factor of 933 and 2285820144.
933
What is the greatest common divisor of 283175018 and 6076?
3038
What is the greatest common factor of 593075209 and 51?
17
Calculate the greatest common factor of 3413330 and 110.
10
Calculate the highest common factor of 117315 and 5595.
15
What is the highest common factor of 373521 and 2565?
57
Calculate the highest common divisor of 1020 and 89552940.
1020
Calculate the greatest common factor of 39350310 and 10.
10
What is the highest common factor of 40991499 and 72?
9
What is the highest common divisor of 9335767 and 3857?
203
Calculate the highest common divisor of 4840669 and 12572.
449
Calculate the highest common factor of 283746 and 1080834.
2166
What is the highest common factor of 7480 and 33490?
170
What is the highest common divisor of 981654900 and 1959?
1959
What is the highest common factor of 286064916 and 3468?
3468
Calculate the greatest common factor of 10519248 and 14.
2
What is the greatest common factor of 127818982 and 1072?
134
What is the greatest common factor of 276 and 9941934?
138
What is the highest common factor of 9 and 2795145?
3
What is the highest common factor of 7917 and 443547?
39
What is the highest common factor of 2808711 and 1708947?
5391
Calculate the highest common factor of 7951743 and 81.
27
Calculate the highest common factor of 24347524 and 14260.
2852
What is the highest common factor of 148120394 and 314?
314
What is the greatest common divisor of 5952806 and 186?
62
What is the greatest common factor of 24376567 and 3274?
1637
What is the highest common divisor of 81 and 131515569?
81
What is the highest common factor of 22200166 and 1062?
118
What is the highest common factor of 9110 and 4161448?
1822
What is the highest common divisor of 1741452 and 1236?
12
What is the greatest common factor of 2288 and 1117952?
176
What is the greatest common divisor of 241574 and 6794?
86
What is the greatest common factor of 70968592 and 6976?
1744
What is the highest common divisor of 1 and 12671456?
1
What is the greatest common factor of 23052886 and 542?
542
What is the greatest common factor of 42253762 and 11862?
1318
What is the highest common factor of 349360 and 939840?
880
What is the highest common factor of 116110707 and 645?
129
What is the greatest common factor of 323 and 1162369764?
323
Calculate the highest common factor of 135987677 and 1659.
553
Calculate the greatest common factor of 77738325 and 945.
105
Calculate the greatest common divisor of 134 and 3247825.
67
Calculate the greatest common factor of 47545316 and 65.
13
What is the highest common factor of 16946 and 384033?
229
What is the highest common divisor of 311619 and 7392?
231
What is the highest common divisor of 100 and 7619500?
100
Calculate the greatest common divisor of 462927 and 205015.
313
Calculate the highest common divisor of 681503164 and 1784.
892
Calculate the highest common divisor of 89957 and 27832.
497
What is the greatest common divisor of 63011 and 11513983?
1703
What is the highest common divisor of 679622814 and 58331?
8333
Calculate the greatest common factor of 242198149 and 6137.
361
What is the highest common divisor of 3819 and 50317?
67
Calculate the highest common factor of 2912 and 11520964.
364
What is the greatest common divisor of 482930 and 3570?
70
What is the greatest common factor of 18048 and 10303152?
2256
Calculate the greatest common factor of 127008013 and 222.
37
What is the greatest common factor of 1355669 and 1330?
133
Calculate the highest common divisor of 130 and 2883946.
26
What is the highest common divisor of 8613 and 41707017?
2871
Calculate the highest common divisor of 1815955 and 2148.
179
Calculate the greatest common divisor of 201628561 and 58.
29
Calculate the greatest common factor of 688 and 3297928.
344
What is the highest common divisor of 43 and 22282?
1
What is the highest common divisor of 7233056 and 2296?
328
Calculate the highest common divisor of 161920 and 11110.
110
Calculate the highest common divisor of 870471 and 2022.
1011
Calculate the highest common factor of 870 and 243806538.
174
Calculate the highest common divisor of 115 and 74320.
5
What is the highest common divisor of 899369 and 115?
23
Calculate the greatest common factor of 4260 and 87719790.
2130
Calculate the highest common factor of 728 and 70154.
14
What is the highest common factor of 126563 and 272016?
1889
Calculate the highest common factor of 8470536 and 120.
24
What is the greatest common factor of 139413192 and 123768?
4584
Calculate the greatest common factor of 12582603 and 99.
99
Calculate the greatest common divisor of 94021 and 91349.
167
What is the greatest common factor of 941474 and 31354?
122
Calculate the highest common factor of 231881760 and 4455.
495
What is the highest common factor of 877439 and 836?
19
What is the highest common factor of 536220 and 23508?
36
Calculate the greatest common divisor of 180 and 78610185.
45
What is the highest common factor of 30094335 and 74025?
2115
Calculate the greatest common factor of 12760256 and 224.
32
What is the highest common factor of 758704 and 28?
4
Calculate the highest common divisor of 462146152 and 104.
104
What is the highest common divisor of 3852193 and 779?
19
Calculate the greatest common divisor of 2511553 and 8113.
1159
Calculate the highest common factor of 65532 and 93783.
129
Calculate the highest common divisor of 72 and 12075417.
9
What is the greatest common divisor of 26130645 and 1380?
345
Calculate the highest common divisor of 576 and 2739264.
192
Calculate the highest common factor of 2009 and 11207672.
49
What is the highest common factor of 226 and 949254014?
226
Calculate the highest common factor of 5320 and 178315.
95
Calculate the highest common divisor of 116 and 13483579.
29
Calculate the highest common factor of 2163947 and 1326.
17
Calculate the greatest common factor of 38395847 and 28.
7
What is the greatest common factor of 44427960 and 837?
837
What is the highest common divisor of 122343 and 7592?
13
What is the greatest common divisor of 1312 and 34569232?
656
Calculate the highest common divisor of 816399 and 9639.
81
What is the highest common divisor of 6 and 5994314?
2
Calculate the highest common factor of 122496000 and 8960.
1280
What is the greatest common divisor of 4929 and 13347081?
93
What is the highest common divisor of 524847 and 1413639?
3831
What is the greatest common factor of 2106975 and 2743?
13
Calculate the greatest common divisor of 134093850 and 1650.
1650
What is the greatest common factor of 237 and 114135961?
79
What is the greatest common divisor of 92460 and 116955?
345
What is the highest common divisor of 13206542 and 232?
58
Calculate the highest common divisor of 85 and 203260.
5
Calculate the greatest common divisor of 371570 and 117070.
5090
Calculate the highest common factor of 4928804 and 28.
4
What is the greatest common factor of 272120 and 2770?
10
Calculate the highest common factor of 2520 and 841904.
56
Calculate the greatest common divisor of 41451704 and 5152.
1288
What is the highest common divisor of 57988552 and 9334?
718
What is the greatest common divisor of 3208 and 35494114?
802
Calculate the highest common factor of 13085 and 12590.
5
What is the highest common factor of 225 and 2701845?
45
Calculate the greatest common divisor of 1620062 and 30942.
382
What is the greatest common factor of 2057 and 880275?
121
What is the highest common divisor of 2790 and 1860310?
310
Calculate the greatest common factor of 1974952 and 24.
8
Calculate the highest common factor of 379552964 and 1736.
868
Calculate the highest common divisor of 5639 and 271252817.
5639
Calculate the highest common divisor of 27400620 and 3900.
780
Calculate the greatest common factor of 6535235 and 280.
35
What is the highest common factor of 946422 and 162?
18
Calculate the greatest common divisor of 261 and 2910614.
29
What is the highest common factor of 1912218 and 84238?
154
Calculate the highest common divisor of 912 and 25382328.
456
What is the highest common divisor of 12869060 and 80?
20
Calculate